{"id":135,"date":"2025-07-21T11:26:33","date_gmt":"2025-07-21T11:26:33","guid":{"rendered":"https:\/\/socopisarl.com\/?page_id=135"},"modified":"2025-07-22T19:47:56","modified_gmt":"2025-07-22T19:47:56","slug":"contact","status":"publish","type":"page","link":"https:\/\/socopisarl.com\/index.php\/contact\/","title":{"rendered":"Contact"},"content":{"rendered":"\t\t<div data-elementor-type=\"wp-page\" data-elementor-id=\"135\" class=\"elementor elementor-135\" data-elementor-post-type=\"page\">\n\t\t\t\t<div class=\"elementor-element elementor-element-8257218 e-flex e-con-boxed e-con e-parent\" data-id=\"8257218\" data-element_type=\"container\" data-settings=\"{&quot;background_background&quot;:&quot;classic&quot;}\">\n\t\t\t\t\t<div class=\"e-con-inner\">\n\t\t<div class=\"elementor-element elementor-element-a2e4b14 e-con-full e-flex e-con e-child\" data-id=\"a2e4b14\" data-element_type=\"container\">\n\t\t\t\t<div class=\"elementor-element elementor-element-f21dcfa elementor-widget elementor-widget-image-box\" data-id=\"f21dcfa\" data-element_type=\"widget\" data-widget_type=\"image-box.default\">\n\t\t\t\t\t<div class=\"elementor-image-box-wrapper\"><div class=\"elementor-image-box-content\"><h3 class=\"elementor-image-box-title\">Contactez-nous<\/h3><p class=\"elementor-image-box-description\">Nous sommes l\u00e0 pour vous aider \u00e0 trouver la solution adapt\u00e9e \u00e0 vos besoins.<\/p><\/div><\/div>\t\t\t\t<\/div>\n\t\t\t\t<\/div>\n\t\t\t\t\t<\/div>\n\t\t\t\t<\/div>\n\t\t<div class=\"elementor-element elementor-element-8866719 e-flex e-con-boxed e-con e-parent\" data-id=\"8866719\" data-element_type=\"container\" data-settings=\"{&quot;background_background&quot;:&quot;classic&quot;}\">\n\t\t\t\t\t<div class=\"e-con-inner\">\n\t\t<div class=\"elementor-element elementor-element-fd15572 e-con-full e-flex e-con e-child\" data-id=\"fd15572\" data-element_type=\"container\">\n\t\t\t\t<div class=\"elementor-element elementor-element-fb6f8b5 elementor-widget elementor-widget-html\" data-id=\"fb6f8b5\" data-element_type=\"widget\" data-widget_type=\"html.default\">\n\t\t\t\t\t<div class=\"contact-info-section\">\n  <div class=\"container\">\n    <div class=\"card\">\n      <h2>\ud83d\udce9 Coordonn\u00e9es<\/h2>\n\n      <div class=\"info-item\">\n        <img decoding=\"async\" src=\"https:\/\/img.icons8.com\/ios-filled\/50\/marker.png\" alt=\"location\">\n        <p><strong>Our Location<\/strong>\n          Av. Mayi Pembe, Q. Angarakali Ariwara \u2013 Chefferie Des Zaki \u2013 Territoire D\u2019aru \u2013 Ituri<br>\n          Kenya et R\u00e9publique d\u00e9mocratique du Congo<br>\n          Op\u00e9rations en Afrique de l'Est\n        <\/p>\n      <\/div>\n\n      <div class=\"info-item\">\n        <img decoding=\"async\" src=\"https:\/\/img.icons8.com\/ios-filled\/50\/phone.png\" alt=\"phone\">\n        <p><strong>Num\u00e9ros de t\u00e9l\u00e9phone<\/strong>\n          +256766717345<br>\n          +243826871182\n        <\/p>\n      <\/div>\n\n      <div class=\"info-item\">\n        <img decoding=\"async\" src=\"https:\/\/img.icons8.com\/ios-filled\/50\/email-open.png\" alt=\"email\">\n        <p><strong>Adresse e-mail<\/strong>\n          info@socopisarl.com<br>\n          business@socopisarl.com\n        <\/p>\n      <\/div>\n\n      <div class=\"info-item\">\n        <img decoding=\"async\" src=\"https:\/\/img.icons8.com\/ios-filled\/50\/clock--v1.png\" alt=\"hours\">\n        <p><strong>Heures d\u2019ouverture<\/strong>\n          Mon - Fri: 8:00 AM - 6:00 PM<br>\n          Sat: 9:00 AM - 4:00 PM\n        <\/p>\n      <\/div>\n    <\/div>\n\n    <div class=\"card quick-contact\">\n      <h2>Contact rapide<\/h2>\n      <a href=\"tel:+256766717345\" class=\"call\"><i>\ud83d\udcde<\/i> Appelez maintenant: +256766717345<\/a>\n      <a href=\"mailto:info@socopisarl.com\" class=\"email\"><i>\u2709\ufe0f<\/i> Envoyez-nous un e-mail: info@socopisarl.com<\/a>\n      <a href=\"https:\/\/www.socopisarl.com\" class=\"visit\"><i>\ud83c\udf10<\/i> Visitez: www.socopisarl.com<\/a>\n    <\/div>\n  <\/div>\n<\/div>\n\n<style>\n.contact-info-section {\n  font-family: 'Inter', sans-serif;\n  background-color: #f9fbff;\n  padding: 2rem;\n  color: #1d1d1f;\n  font-size: 12px;\n  line-height: 18px;\n}\n\n.contact-info-section .container {\n  max-width: 400px;\n  margin: 0 auto;\n}\n\n.contact-info-section .card {\n  background: #fff;\n  border: 1px solid #e0e0e0;\n  border-radius: 10px;\n  padding: 10px;\n  margin-bottom: 2rem;\n  box-shadow: 0 1px 4px rgba(0,0,0,0.06);\n}\n\n.contact-info-section .card h2 {\n  font-size: 14px;\n  margin-bottom: 1rem;\n  color: #0a1f44;\n}\n\n.contact-info-section .info-item {\n  display: flex;\n  align-items: flex-start;\n  margin-bottom: 1.2rem;\n}\n\n.contact-info-section .info-item img {\n  width: 24px;\n  height: 24px;\n  margin-right: 12px;\n  margin-top: 3px;\n}\n\n.contact-info-section .info-item p {\n  margin: 0;\n  font-size: 12px;\n  line-height: 18px;\n  color: #333;\n}\n\n.contact-info-section .info-item p strong {\n  display: block;\n  margin-bottom: 3px;\n  color: #0a1f44;\n}\n\n.contact-info-section .quick-contact button,\n.contact-info-section .quick-contact a {\n  display: flex;\n  align-items: center;\n  width: 100%;\n  padding: 12px;\n  margin-bottom: 10px;\n  border: none;\n  border-radius: 6px;\n  font-weight: 600;\n  font-size: 12px;\n  line-height: 18px;\n  text-decoration: none;\n  transition: all 0.3s ease;\n}\n\n.contact-info-section .call {\n  background-color: #001f4d;\n  color: #fff;\n}\n\n.contact-info-section .email {\n  background-color: #28a745;\n  color: #fff;\n}\n\n.contact-info-section .visit {\n  background-color: #f8f9fb;\n  border: 1px solid #ccc;\n  color: #000;\n}\n\n.contact-info-section .quick-contact i {\n  margin-right: 10px;\n}\n\n@media (max-width: 480px) {\n  .contact-info-section .container {\n    padding: 1rem;\n  }\n}\n<\/style>\n\t\t\t\t<\/div>\n\t\t\t\t<\/div>\n\t\t<div class=\"elementor-element elementor-element-d0357f4 e-con-full e-flex e-con e-child\" data-id=\"d0357f4\" data-element_type=\"container\">\n\t\t\t\t<div class=\"elementor-element elementor-element-e4a333d elementor-widget elementor-widget-wpforms\" data-id=\"e4a333d\" data-element_type=\"widget\" data-widget_type=\"wpforms.default\">\n\t\t\t\t<div class=\"elementor-widget-container\">\n\t\t\t\t\t<style id=\"wpforms-css-vars-elementor-widget-e4a333d\">\n\t\t\t\t.elementor-widget-wpforms.elementor-element-e4a333d {\n\t\t\t\t--wpforms-field-background-color: #F9FBFF;\n--wpforms-field-border-color: #E1E7EF;\n--wpforms-field-border-color-spare: #E1E7EF;\n--wpforms-field-text-color: #344256;\n--wpforms-label-color: #344256;\n--wpforms-button-background-color: #0C574A;\n--wpforms-field-size-input-height: 31px;\n--wpforms-field-size-input-spacing: 10px;\n--wpforms-field-size-font-size: 14px;\n--wpforms-field-size-line-height: 17px;\n--wpforms-field-size-padding-h: 9px;\n--wpforms-field-size-checkbox-size: 14px;\n--wpforms-field-size-sublabel-spacing: 5px;\n--wpforms-field-size-icon-size: 0.75;\n\n\t\t\t}\n\t\t\t<\/style><div class=\"wpforms-container wpforms-container-full wpforms-render-modern\" id=\"wpforms-343\"><form id=\"wpforms-form-343\" class=\"wpforms-validate wpforms-form wpforms-ajax-form\" data-formid=\"343\" method=\"post\" enctype=\"multipart\/form-data\" action=\"\/index.php\/wp-json\/wp\/v2\/pages\/135\" data-token=\"3a7850e6a9159f72243cedeac1752175\" data-token-time=\"1776513528\"><div class=\"wpforms-head-container\"><div class=\"wpforms-title\">Envoyez-nous un message<\/div><\/div><noscript class=\"wpforms-error-noscript\">Veuillez activer JavaScript dans votre navigateur pour remplir ce formulaire.<\/noscript><div id=\"wpforms-error-noscript\" style=\"display: none;\">Veuillez activer JavaScript dans votre navigateur pour remplir ce formulaire.<\/div><div class=\"wpforms-field-container\"><div id=\"wpforms-343-field_1-container\" class=\"wpforms-field wpforms-field-text\" data-field-id=\"1\"><label class=\"wpforms-field-label\" for=\"wpforms-343-field_1\">Nom complet <span class=\"wpforms-required-label\" aria-hidden=\"true\">*<\/span><\/label><input type=\"text\" id=\"wpforms-343-field_1\" class=\"wpforms-field-large wpforms-field-required\" name=\"wpforms[fields][1]\" placeholder=\"Entrez votre nom complet\" aria-errormessage=\"wpforms-343-field_1-error\" required><\/div><div id=\"wpforms-343-field_2-container\" class=\"wpforms-field wpforms-field-email\" data-field-id=\"2\"><label class=\"wpforms-field-label\" for=\"wpforms-343-field_2\">Adresse e-mail <span class=\"wpforms-required-label\" aria-hidden=\"true\">*<\/span><\/label><input type=\"email\" id=\"wpforms-343-field_2\" class=\"wpforms-field-large wpforms-field-required\" name=\"wpforms[fields][2]\" placeholder=\"Entrez votre adresse e-mail\" spellcheck=\"false\" aria-errormessage=\"wpforms-343-field_2-error\" required><\/div><div id=\"wpforms-343-field_3-container\" class=\"wpforms-field wpforms-field-text\" data-field-id=\"3\"><label class=\"wpforms-field-label\" for=\"wpforms-343-field_3\">Entreprise\/Organisation<\/label><input type=\"text\" id=\"wpforms-343-field_3\" class=\"wpforms-field-large\" name=\"wpforms[fields][3]\" placeholder=\"Entrez le nom de l\u2019entreprise\" aria-errormessage=\"wpforms-343-field_3-error\" ><\/div><div id=\"wpforms-343-field_4-container\" class=\"wpforms-field wpforms-field-select wpforms-field-select-style-classic\" data-field-id=\"4\"><label class=\"wpforms-field-label\" for=\"wpforms-343-field_4\">Service souhait\u00e9<\/label><select id=\"wpforms-343-field_4\" class=\"wpforms-field-large\" name=\"wpforms[fields][4]\"><option value=\"\" class=\"placeholder\" disabled  selected='selected'>S\u00e9lectionnez un service<\/option><option value=\"Fabrication de savons et d\u00e9tergents\" >Fabrication de savons et d\u00e9tergents<\/option><option value=\"Production de vins et spiritueux\" >Production de vins et spiritueux<\/option><option value=\"Transport et logistique\" >Transport et logistique<\/option><option value=\"B\u00e2timent et construction\" >B\u00e2timent et construction<\/option><option value=\"Services h\u00f4teliers et de restauration\" >Services h\u00f4teliers et de restauration<\/option><\/select><\/div>\t\t<div id=\"wpforms-343-field_6-container\"\n\t\t\tclass=\"wpforms-field wpforms-field-text\"\n\t\t\tdata-field-type=\"text\"\n\t\t\tdata-field-id=\"6\"\n\t\t\t>\n\t\t\t<label class=\"wpforms-field-label\" for=\"wpforms-343-field_6\" >Service souhait\u00e9 Adresse<\/label>\n\t\t\t<input type=\"text\" id=\"wpforms-343-field_6\" class=\"wpforms-field-medium\" name=\"wpforms[fields][6]\" >\n\t\t<\/div>\n\t\t<div id=\"wpforms-343-field_5-container\" class=\"wpforms-field wpforms-field-textarea\" data-field-id=\"5\"><label class=\"wpforms-field-label\" for=\"wpforms-343-field_5\">Message <span class=\"wpforms-required-label\" aria-hidden=\"true\">*<\/span><\/label><textarea id=\"wpforms-343-field_5\" class=\"wpforms-field-medium wpforms-field-required\" name=\"wpforms[fields][5]\" placeholder=\"Parlez-nous de votre projet ou de votre demande\u2026\" aria-errormessage=\"wpforms-343-field_5-error\" required><\/textarea><\/div><script>\n\t\t\t\t( function() {\n\t\t\t\t\tconst style = document.createElement( 'style' );\n\t\t\t\t\tstyle.appendChild( document.createTextNode( '#wpforms-343-field_6-container { position: absolute !important; overflow: hidden !important; display: inline !important; height: 1px !important; width: 1px !important; z-index: -1000 !important; padding: 0 !important; } #wpforms-343-field_6-container input { visibility: hidden; } #wpforms-conversational-form-page #wpforms-343-field_6-container label { counter-increment: none; }' ) );\n\t\t\t\t\tdocument.head.appendChild( style );\n\t\t\t\t\tdocument.currentScript?.remove();\n\t\t\t\t} )();\n\t\t\t<\/script><\/div><!-- .wpforms-field-container --><div class=\"wpforms-submit-container\" ><input type=\"hidden\" name=\"wpforms[id]\" value=\"343\"><input type=\"hidden\" name=\"page_title\" value=\"\"><input type=\"hidden\" name=\"page_url\" value=\"https:\/\/socopisarl.com\/index.php\/wp-json\/wp\/v2\/pages\/135\"><input type=\"hidden\" name=\"url_referer\" value=\"\"><button type=\"submit\" name=\"wpforms[submit]\" id=\"wpforms-submit-343\" class=\"wpforms-submit\" data-alt-text=\"Envoi en cours...\" data-submit-text=\"Envoyer le message\" aria-live=\"assertive\" value=\"wpforms-submit\">Envoyer le message<\/button><img decoding=\"async\" src=\"https:\/\/socopisarl.com\/wp-content\/plugins\/wpforms-lite\/assets\/images\/submit-spin.svg\" class=\"wpforms-submit-spinner\" style=\"display: none;\" width=\"26\" height=\"26\" alt=\"Chargement en cours\"><\/div><\/form><\/div>  <!-- .wpforms-container -->\t\t\t\t<\/div>\n\t\t\t\t<\/div>\n\t\t\t\t<\/div>\n\t\t\t\t\t<\/div>\n\t\t\t\t<\/div>\n\t\t\t\t<\/div>\n\t\t","protected":false},"excerpt":{"rendered":"<p>Contactez-nous Nous sommes l\u00e0 pour vous aider \u00e0 trouver la solution adapt\u00e9e \u00e0 vos besoins. \ud83d\udce9 Coordonn\u00e9es Our Location Av. Mayi Pembe, Q. Angarakali Ariwara \u2013 Chefferie Des Zaki \u2013 Territoire D\u2019aru \u2013 Ituri Kenya et R\u00e9publique d\u00e9mocratique du Congo Op\u00e9rations en Afrique de l&rsquo;Est Num\u00e9ros de t\u00e9l\u00e9phone +256766717345 +243826871182 Adresse e-mail info@socopisarl.com business@socopisarl.com Heures [&hellip;]<\/p>\n","protected":false},"author":1,"featured_media":0,"parent":0,"menu_order":0,"comment_status":"closed","ping_status":"closed","template":"","meta":{"site-sidebar-layout":"no-sidebar","site-content-layout":"","ast-site-content-layout":"full-width-container","site-content-style":"default","site-sidebar-style":"default","ast-global-header-display":"","ast-banner-title-visibility":"","ast-main-header-display":"","ast-hfb-above-header-display":"","ast-hfb-below-header-display":"","ast-hfb-mobile-header-display":"","site-post-title":"disabled","ast-breadcrumbs-content":"","ast-featured-img":"disabled","footer-sml-layout":"disabled","theme-transparent-header-meta":"disabled","adv-header-id-meta":"","stick-header-meta":"","header-above-stick-meta":"","header-main-stick-meta":"","header-below-stick-meta":"","astra-migrate-meta-layouts":"set","ast-page-background-enabled":"default","ast-page-background-meta":{"desktop":{"background-color":"var(--ast-global-color-5)","background-image":"","background-repeat":"repeat","background-position":"center center","background-size":"auto","background-attachment":"scroll","background-type":"","background-media":"","overlay-type":"","overlay-color":"","overlay-opacity":"","overlay-gradient":""},"tablet":{"background-color":"","background-image":"","background-repeat":"repeat","background-position":"center center","background-size":"auto","background-attachment":"scroll","background-type":"","background-media":"","overlay-type":"","overlay-color":"","overlay-opacity":"","overlay-gradient":""},"mobile":{"background-color":"","background-image":"","background-repeat":"repeat","background-position":"center center","background-size":"auto","background-attachment":"scroll","background-type":"","background-media":"","overlay-type":"","overlay-color":"","overlay-opacity":"","overlay-gradient":""}},"ast-content-background-meta":{"desktop":{"background-color":"var(--ast-global-color-4)","background-image":"","background-repeat":"repeat","background-position":"center center","background-size":"auto","background-attachment":"scroll","background-type":"","background-media":"","overlay-type":"","overlay-color":"","overlay-opacity":"","overlay-gradient":""},"tablet":{"background-color":"var(--ast-global-color-4)","background-image":"","background-repeat":"repeat","background-position":"center center","background-size":"auto","background-attachment":"scroll","background-type":"","background-media":"","overlay-type":"","overlay-color":"","overlay-opacity":"","overlay-gradient":""},"mobile":{"background-color":"var(--ast-global-color-4)","background-image":"","background-repeat":"repeat","background-position":"center center","background-size":"auto","background-attachment":"scroll","background-type":"","background-media":"","overlay-type":"","overlay-color":"","overlay-opacity":"","overlay-gradient":""}},"footnotes":""},"yst_prominent_words":[],"class_list":["post-135","page","type-page","status-publish","hentry"],"_links":{"self":[{"href":"https:\/\/socopisarl.com\/index.php\/wp-json\/wp\/v2\/pages\/135","targetHints":{"allow":["GET"]}}],"collection":[{"href":"https:\/\/socopisarl.com\/index.php\/wp-json\/wp\/v2\/pages"}],"about":[{"href":"https:\/\/socopisarl.com\/index.php\/wp-json\/wp\/v2\/types\/page"}],"author":[{"embeddable":true,"href":"https:\/\/socopisarl.com\/index.php\/wp-json\/wp\/v2\/users\/1"}],"replies":[{"embeddable":true,"href":"https:\/\/socopisarl.com\/index.php\/wp-json\/wp\/v2\/comments?post=135"}],"version-history":[{"count":3,"href":"https:\/\/socopisarl.com\/index.php\/wp-json\/wp\/v2\/pages\/135\/revisions"}],"predecessor-version":[{"id":992,"href":"https:\/\/socopisarl.com\/index.php\/wp-json\/wp\/v2\/pages\/135\/revisions\/992"}],"wp:attachment":[{"href":"https:\/\/socopisarl.com\/index.php\/wp-json\/wp\/v2\/media?parent=135"}],"wp:term":[{"taxonomy":"yst_prominent_words","embeddable":true,"href":"https:\/\/socopisarl.com\/index.php\/wp-json\/wp\/v2\/yst_prominent_words?post=135"}],"curies":[{"name":"wp","href":"https:\/\/api.w.org\/{rel}","templated":true}]}}